 f be o(a). Let v = -66 - f. Is v a composite number?
False
Suppose 0 = -4*p - 64*y + 63*y + 18795, -4 = 4*y. Is p a composite number?
True
Let i(s) be the second derivative of -7*s**3/6 - 11*s**2/2 + 4*s. Let m be i(-6). Suppose m = -x + 146. Is x a prime number?
False
Suppose 2*a - 320 - 290 = 0. Suppose 0 = 301*n - a*n + 13316. Is n prime?
True
Let p(f) = -5*f**3 - 2*f**2 + 4*f - 1. Let a be p(1). Let t(x) = -6*x**3 - 9*x**2 - 6*x - 1. Is t(a) composite?
False
Suppose 3*i = -1 + 13. Suppose 4*g + 5*k = 3333 - 223, -i*g + 5*k + 3130 = 0. Suppose 4*b + n - 627 = 0, 5*b + 0*b + 5*n - g = 0. Is b composite?
False
Let z be (-23 - -21)/(4/6). Is ((-1657)/2)/(z/6) prime?
True
Let x(d) = -d**3 - 11*d**2 - 6*d + 8. Is x(-15) a prime number?
False
Let n(o) = 122*o**2 + 9*o + 66. Is n(-7) prime?
True
Let n(q) = 2*q**2 - 36*q + 5. Let y = -31 + 55. Is n(y) a prime number?
True
Let n be 20/6 + (-1)/3. Suppose 0*x = 5*g - n*x - 4423, 4419 = 5*g - 4*x. Is g prime?
True
Is 2/(1 + -2)*(-24056)/16 a prime number?
False
Let p(u) = 1709*u**2 - 8*u + 104. Is p(9) a prime number?
True
Let a(g) = -g**2 + 10*g + 13. Let m be a(10). Suppose -4*u + 53 = m. Is 42*u + -6 + 5 a prime number?
True
Let s be -3*9/((-54)/(-292)). Let h = s - -273. Is h a prime number?
True
Let j(u) = u - 2. Let d be j(5). Suppose 0*n = d*n - 447. Is n a composite number?
False
Let o(y) = y + 57. Suppose -r = 4*r - 30. Suppose -r*a = -3*a. Is o(a) a prime number?
False
Let r = 34 - 14. Suppose -r = -4*h - 0. Suppose -h*v = -176 - 159. Is v composite?
False
Let b = -2888 + 5301. Is b prime?
False
Suppose 2*v = 16 - 4. Suppose -v*s + 1376 + 538 = 0. Is s composite?
True
Let g(k) = 2*k**3 + 6*k**2 - 5*k - 3. Let i = 31 - 36. Let h be g(i). Let z = h + 140. Is z a composite number?
True
Suppose 4 = -7*l + 11. Let i(a) = 17*a + 2. Is i(l) a composite number?
False
Let m(n) = 309*n + 17. Is m(18) a composite number?
True
Let l = -8 + 11. Suppose 5*p - 15 = -3*j + 2*j, -5*p + 5 = l*j. Let t(v) = -98*v - 3. Is t(j) a prime number?
True
Suppose -3*z + 10 = w + 1925, -1255 = 2*z + 5*w. Let n = -191 - z. Is n prime?
True
Suppose -2*z = -y - 17878, 0 = z - 0*z - 5*y - 8939. Is z composite?
True
Let x(u) be the first derivative of -2*u**3/3 + 7*u**2/2 + 4*u - 1. Let c(s) be the first derivative of x(s). Is c(-6) a prime number?
True
Let g be 5*5/(25/(-42)). Let m be (g/7)/(6/4). Is m*(580/(-16) - 1) composite?
False
Suppose -k + 4*k - 12 = 0. Suppose 0 = -5*m + 5*c + 910, 0*c + k*c = 12. Is m prime?
False
Let d be (-2 + 4 + -4 - 1) + 31392. Is d/33 + 2 - 2/11 a prime number?
True
Let g(t) = -t**2 + 33*t + 34. Let i be g(30). Suppose 0 = -2*a + 18 - 4. Suppose 3*y - a*y = -i. Is y composite?
False
Let p = 49122 + -30001. Is p a prime number?
True
Let g be ((-6)/(-5))/(6/40). Let k(x) be the first derivative of 4*x**3/3 + 2*x**2 + 11*x + 1. Is k(g) a composite number?
True
Suppose -6*l = -15 + 3. Suppose 5*t + l*p = 45, 5*t - t + 4*p - 36 = 0. Let n = 30 - t. Is n a prime number?
False
Suppose -111825 = -5*g + 4*l, 8*g - 2*l = 6*g + 44732. Is g a composite number?
True
Let n(m) = -2*m + 8. Let r be n(10). Let x = r + 33. Is x prime?
False
Is 233928/56 - 6/21 a prime number?
True
Let f be 41615/5 + 6 + (0 - -2). Suppose 3*i + 3*h = f, 6*i + 5*h - 8331 = 3*i. Is i a prime number?
True
Let w = -18 - -18. Suppose -6*h + 11*h + 3662 = d, -4*d - 4*h + 14576 = w. Is d prime?
False
Suppose -2*h - 7*n + 8962 = -11*n, 3 = 3*n. Is h a prime number?
True
Suppose -4*d + 9 = m, -5*m + 7*d = 4*d - 22. Suppose f + 2804 = m*f. Is f prime?
True
Suppose -8*x + 13*x = -5, 3*v + x = 24854. Is v prime?
False
Let m = 25704 - 17067. Is m a composite number?
True
Let l be (600/70)/((-2)/77). Let y = 587 + l. Is y a prime number?
True
Let z(i) = 558*i**2 + 4*i - 10. Let m be z(2). Let o = m + -1227. Is o prime?
False
Is (-12)/((-54)/9) + 10005 composite?
False
Suppose -2082 = -8*a + 134006. Is a composite?
False
Let v be (-1)/3 - (-187)/(-51). Let r(m) = -3*m**3 + 6*m**2 + 4. Let q(l) = 2*l**3 - 5*l**2 - l - 3. Let b(a) = 5*q(a) + 4*r(a). Is b(v) a composite number?
True
Suppose -4*p = -5*f + 5830, -p + f - 5838 = 3*p. Let k = p + 523. Let i = 1316 + k. Is i composite?
False
Suppose o + 4*p = p + 5332, 2*o + 5*p = 10661. Is o prime?
True
Suppose -2*b = 2*a - 3*b - 18230, -5*a = 2*b - 45575. Is a composite?
True
Let u = 2400 + 8371. Is u a prime number?
True
Is ((-3786)/(-42))/((-2)/(-14)) a prime number?
True
Let p(s) = 5*s**3 - 6*s**2 + 2*s - 4. Let i be p(5). Suppose 4*l = 2*d - 962, d - i = -0*d - 3*l. Is d a prime number?
False
Let o = 15 - 10. Suppose -3*x + 7311 = o*y - 4*y, 5*y = -3*x + 7311. Is x a prime number?
True
Suppose -4*w + 3*f + 12 = 2, 4*w = -2*f + 20. Suppose w*l - 5*b - 4799 = 0, b = 2*l - 936 - 1465. Is l composite?
False
Suppose 10742 + 26625 = 11*f. Is f a composite number?
True
Let b = -32 + 35. Is (24387/(-99))/((-1)/b) a prime number?
True
Let t = 4 - 15. Let w = 230 + t. Is w prime?
False
Let m = 698 - -163. Suppose 2*l = 617 + m. Is l prime?
True
Let k = 30 + -26. Suppose k*p - 1892 = -4*h, 2*p = 4*h - h + 926. Is p prime?
False
Let r(g) = g**3 + 5*g**2 + 2*g. Let p be r(-3). Is p - 8 - -83*21 a prime number?
True
Let o(g) = 7*g**2 + g - 2. Let z be o(6). Suppose -14 + z = 2*m. Let p = m - 44. Is p a prime number?
False
Suppose 18 = -5*b - 12. Let s = b + 10. Is 13/(s/44 + 0) a prime number?
False
Let d(g) = 39*g**2 + 3*g - 1. Let y be (-6)/9*-3 - 0. Is d(y) a composite number?
True
Let m(s) = 30*s - 35. Let l(v) = 61*v - 70. Let b(i) = 6*l(i) - 13*m(i). Is b(-9) a composite number?
False
Suppose 4*p - 194577 = -5*q, q - 4*p - 36481 = 2444. Is q a prime number?
True
Suppose 0 = -2*t - 5*t - 5481. Let m = -520 - t. Is m a prime number?
True
Let a(q) = 223*q**2 - q + 1. Suppose 2*n + 10 = -4*f, -3*n + n + 2*f + 8 = 0. Is a(n) prime?
True
Suppose -10 = -8*p + 6. Suppose -5*v + 8991 = 2*i, p*v + v - 5387 = -5*i. Is v prime?
False
Let g be 78/(-4)*(-280)/12. Let i = g + 91. Is (-2)/10 + i/5 a prime number?
True
Suppose -t = 5*c - 319840, 127944 = 2*c + 2*t - 0*t. Is c composite?
True
Let b be (-6)/(-8) - (-6466)/8. Is (1 + 0 + -3)*b/(-2) a prime number?
True
Let m = 84 - 68. Is ((-17241)/6)/(2/(m/(-4))) a prime number?
False
Let p = 142 - 250. Let f = 127 - p. Is f a composite number?
True
Is 1706*((-20)/24 - 88/(-12)) a composite number?
True
Suppose 0 = 2*t - 5*t + 12. Suppose -5*h + 10*h - 1880 = 5*l, 5*h - t*l - 1883 = 0. Is h prime?
True
Let a(y) = y - 12. Suppose 0 = -49*v + 48*v - 12. Let g be a(v). Is -2*148/g*21 prime?
False
Suppose 0 = -5*k - 3 - 2, -3*v + 78 = 3*k. Suppose -v*g = -22*g - 725. Is g prime?
False
Let q = 30 - 26. Suppose 3*x - 5*r + 10 = 0, -q*x + 2*r = -2*r + 16. Is 3 - x/(10/1808) a composite number?
False
Let t(l) = -5*l + 109. Let y be t(0). Let g = 404 - y. Is g prime?
False
Let n(s) be the first derivative of s**3 + 19*s**2/2 - 13*s + 1. Is n(-11) a prime number?
False
Suppose 614*x - 2215 = 609*x. Is x a composite number?
False
Suppose -3*d + 12711 = 4*r, -4*d + 20160 = -5*r + 3181. Is d composite?
False
Let s(z) = z**2 - 6*z + 10. Let b be s(3). Is 44588/71 + b/((-2)/(-6)) prime?
True
Let c(i) be the third derivative of -i**5/60 + 157*i**4/24 - 7*i**3/6 - 5*i**2. Let l(r) be the first derivative of c(r). Is l(0) a composite number?
False
Suppose 11082 = 17*g - 11*g. Is g prime?
True
Let q be 3 + 1/4*0. Is q - 87*8/(-6) a prime number?
False
Let h = -3551 + 8692. Is h a composite number?
True
Suppose -5*q = -2854 - 4206. Is q*(21/(-12))/(-7) a prime number?
True
Suppose 5*q - g = g + 2051, -5*q + 4*g + 2057 = 0. Let d = 572 - q. Is d a prime number?
True
Suppose 0 = 6*l - 11*l - r - 168, 3*l + 102 = -r. Is (-20768)/l - (-2)/(-6) prime?
False
Let d(r) = -908 + 141 + 0*r - r - 156. Let f be d(0). Let o = f - -1468. Is o a composite number?
True
Suppose 10994 - 47709 = -5*o. Is o prime?
False
Is (-356460)/(10 + -23) + 1 + -2 prime?
False
Let w be (-6)/2*(-2 - -3). Is -38*(-5 - (0 + -1)) - w composite?
True
Let t(x) = -2681*x - 195. Is t(-2) a composite number?
False
Let t be 2540/3 - 12/18. Is t/4 - 2/4 a composite number?
False
Suppose -5*f + 5*a = -10365, -3*f + a + 4*a + 6227 = 0. Is f a prime number?
True
Let l = -338 + 843. Suppose l = -i + 5*i - 3*p, 0 = 4*i + p - 509.